7?
7, 211
List the prime factors of 3235.
5, 647
List the prime factors of 24520.
2, 5, 613
List the prime factors of 51.
3, 17
What are the prime factors of 23021?
23021
List the prime factors of 51580.
2, 5, 2579
What are the prime factors of 85564?
2, 21391
What are the prime factors of 1006?
2, 503
What are the prime factors of 1937?
13, 149
List the prime factors of 197289.
3, 7307
List the prime factors of 8137.
79, 103
List the prime factors of 1828.
2, 457
List the prime factors of 4903.
4903
What are the prime factors of 1933?
1933
What are the prime factors of 36?
2, 3
What are the prime factors of 1700?
2, 5, 17
List the prime factors of 1523.
1523
List the prime factors of 5194.
2, 7, 53
What are the prime factors of 5218?
2, 2609
List the prime factors of 41511.
3, 101, 137
What are the prime factors of 1169?
7, 167
What are the prime factors of 17561?
17, 1033
List the prime factors of 74479.
71, 1049
What are the prime factors of 18502?
2, 11, 29
What are the prime factors of 1182?
2, 3, 197
What are the prime factors of 44264?
2, 11, 503
List the prime factors of 1321.
1321
What are the prime factors of 1664?
2, 13
What are the prime factors of 528?
2, 3, 11
List the prime factors of 2441.
2441
What are the prime factors of 815?
5, 163
List the prime factors of 857.
857
What are the prime factors of 1293?
3, 431
List the prime factors of 4403.
7, 17, 37
What are the prime factors of 671?
11, 61
What are the prime factors of 44074?
2, 22037
What are the prime factors of 23886?
2, 3, 1327
List the prime factors of 11254.
2, 17, 331
List the prime factors of 8380.
2, 5, 419
List the prime factors of 964.
2, 241
What are the prime factors of 493?
17, 29
What are the prime factors of 10191?
3, 43, 79
List the prime factors of 8250.
2, 3, 5, 11
What are the prime factors of 3735?
3, 5, 83
List the prime factors of 3933.
3, 19, 23
What are the prime factors of 2840?
2, 5, 71
List the prime factors of 2545.
5, 509
List the prime factors of 29707.
61, 487
List the prime factors of 672.
2, 3, 7
List the prime factors of 1230.
2, 3, 5, 41
What are the prime factors of 42622?
2, 101, 211
List the prime factors of 5233.
5233
What are the prime factors of 498?
2, 3, 83
List the prime factors of 4694.
2, 2347
What are the prime factors of 10746?
2, 3, 199
List the prime factors of 682.
2, 11, 31
What are the prime factors of 20092?
2, 5023
List the prime factors of 11589.
3, 3863
List the prime factors of 28053.
3, 1039
List the prime factors of 151.
151
What are the prime factors of 9712?
2, 607
What are the prime factors of 2942?
2, 1471
List the prime factors of 3647.
7, 521
List the prime factors of 960.
2, 3, 5
What are the prime factors of 28200?
2, 3, 5, 47
What are the prime factors of 2227?
17, 131
What are the prime factors of 412?
2, 103
What are the prime factors of 9499?
7, 23, 59
List the prime factors of 3448.
2, 431
List the prime factors of 637.
7, 13
What are the prime factors of 12867?
3, 4289
List the prime factors of 2399.
2399
What are the prime factors of 9632?
2, 7, 43
List the prime factors of 3250.
2, 5, 13
List the prime factors of 7460.
2, 5, 373
List the prime factors of 8020.
2, 5, 401
What are the prime factors of 331?
331
What are the prime factors of 4798?
2, 2399
List the prime factors of 12328.
2, 23, 67
What are the prime factors of 1066?
2, 13, 41
What are the prime factors of 44159?
44159
What are the prime factors of 749?
7, 107
List the prime factors of 5436.
2, 3, 151
List the prime factors of 1202.
2, 601
List the prime factors of 15672.
2, 3, 653
What are the prime factors of 78806?
2, 7, 13, 433
List the prime factors of 1361.
1361
What are the prime factors of 6962?
2, 59
What are the prime factors of 159122?
2, 79561
What are the prime factors of 5138?
2, 7, 367
List the prime factors of 19976.
2, 11, 227
List the prime factors of 3967.
3967
List the prime factors of 7150.
2, 5, 11, 13
List the prime factors of 259.
7, 37
What are the prime factors of 3372?
2, 3, 281
List the prime factors of 10326.
2, 3, 1721
What are the prime factors of 814?
2, 11, 37
List the prime factors of 1048.
2, 131
List the prime factors of 4877.
4877
List the prime factors of 5727.
3, 23, 83
List the prime factors of 4906.
2, 11, 223
List the prime factors of 2170.
2, 5, 7, 31
List the prime factors of 193327.
193327
What are the prime factors of 75658?
2, 11, 19, 181
What are the prime factors of 837?
3, 31
What are the prime factors of 17008?
2, 1063
What are the prime factors of 3967?
3967
List the prime factors of 15560.
2, 5, 389
List the prime factors of 1475.
5, 59
What are the prime factors of 156062?
2, 78031
What are the prime factors of 48814?
2, 24407
List the prime factors of 14025.
3, 5, 11, 17
List the prime factors of 853.
853
List the prime factors of 102.
2, 3, 17
What are the prime factors of 9723?
3, 7, 463
List the prime factors of 1143.
3, 127
What are the prime factors of 1648?
2, 103
What are the prime factors of 3448?
2, 431
What are the prime factors of 1706?
2, 853
List the prime factors of 2323.
23, 101
List the prime factors of 59477.
11, 5407
What are the prime factors of 2362?
2, 1181
List the prime factors of 1585.
5, 317
List the prime factors of 28152.
2, 3, 17, 23
List the prime factors of 23223.
3, 7741
What are the prime factors of 1976?
2, 13, 19
List the prime factors of 55462.
2, 11, 2521
What are the prime factors of 384?
2, 3
List the prime factors of 991.
991
List the prime factors of 4838.
2, 41, 59
List the prime factors of 6435.
3, 5, 11, 13
List the prime factors of 6900.
2, 3, 5, 23
What are the prime factors of 6248?
2, 11, 71
What are the prime factors of 1593?
3, 59
List the prime factors of 151706.
2, 75853
What are the prime factors of 4471?
17, 263
What are the prime factors of 318?
2, 3, 53
List the prime factors of 562.
2, 281
List the prime factors of 33760.
2, 5, 211
What are the prime factors of 2258?
2, 1129
What are the prime factors of 1669?
1669
What are the prime factors of 829?
829
List the prime factors of 1688.
2, 211
List the prime factors of 555.
3, 5, 37
What are the prime factors of 1779?
3, 593
What are the prime factors of 23825?
5, 953
List the prime factors of 12092.
2, 3023
What are the prime factors of 32167?
19, 1693
What are the prime factors of 37932?
2, 3, 29, 109
List the prime factors of 16447.
16447
List the prime factors of 329.
7, 47
List the prime factors of 4428.
2, 3, 41
What are the prime factors of 491?
491
What are the prime factors of 37969?
43, 883
List the prime factors of 55300.
2, 5, 7, 79
List the prime factors of 1998.
2, 3, 37
List the prime factors of 2758.
2, 7, 197
List the prime factors of 844.
2, 211
What are the prime factors of 353?
353
List the prime factors of 3409.
7, 487
List the prime factors of 43129.
17, 43, 59
List the prime factors of 44379.
3, 4931
List the prime factors of 3328.
2, 13
List the prime factors of 1039.
1039
What are the prime factors of 6222?
2, 3, 17, 61
List the prime factors of 186.
2, 3, 31
What are the prime factors of 427?
7, 61
List the prime factors of 681.
3, 227
What are the prime factors of 21477?
3, 7159
List the prime factors of 11136.
2, 3, 29
List the prime factors of 16945.
5, 3389
What are the prime factors of 71664?
2, 3, 1493
What are the prime factors of 10081?
17, 593
List the prime factors of 771.
3, 257
List the prime factors of 28598.
2, 79, 181
List the prime factors of 11765.
5, 13, 181
What are the prime factors of 68788?
2, 29, 593
What are the prime factors of 65639?
7, 9377
What are the prime factors of 1606?
2, 11, 73
List the prime factors of 5243.
7, 107
What are the prime factors of 8767?
11, 797
List the prime factors of 312.
2, 3, 13
What are the prime factors of 8665?
5, 1733
What are the prime factors of 685?
5, 137
List the prime factors of 249.
3, 83
What are the prime factors of 1879?
1879
List the prime factors of 419.
419
List the prime factors of 4227.
3, 1409
What are the prime factors of 2473?
2473
List the prime factors of 24044.
2, 6011
What are the prime factors of 6106?
2, 43, 71
What are the prime factors of 6153?
3, 7, 293
What are the prime factors of 1764?
2, 3, 7
List the prime factors of 7635.
3, 5, 509
List the prime factors of 